 t - 2*t. Calculate m(5).
-3
Let v be (2 + 14/(-6))/((-3)/9). Let o(j) be the third derivative of 0*j + 0*j**3 + j**2 + 0 - 1/24*j**4. Give o(v).
-1
Let a(z) = 5*z - 1. Let l = -1 - -1. Let i = l - 1. What is a(i)?
-6
Let i(j) = -4*j - 1. Let w(p) = -4 + 5 - p - 10. Let o be w(-10). Give i(o).
-5
Let s(n) = n**2 + 4*n - 8. Let k be s(-6). Let t(f) = -f + 0 - k + 1. Determine t(-2).
-1
Let k(o) = o**2 + 10*o - 2. Let r(s) = -s**2 - 11*s + 1. Let w(y) = -6*k(y) - 5*r(y). Give w(-6).
1
Let o = -2 - -4. Suppose 3*z = o - 8. Let h(p) = 2*p - 1. Calculate h(z).
-5
Suppose 5*s = m + 8 + 1, 3*s = 2*m + 11. Let x(g) be the third derivative of -g**4/24 - g**2. What is x(m)?
4
Suppose 0 = o + 4*o. Suppose 3*y = -4*b - 17, 2*b - b + 3*y + 2 = 0. Let v(x) = -3*x + 10. Let j(h) = 2*h - 5. Let c(l) = b*j(l) - 3*v(l). Determine c(o).
-5
Suppose -2 = 4*c + 18. Let m(n) = -n - 5. Let o be m(-6). Let s(x) = -o + 6*x - 11*x - 5 + 3*x. Give s(c).
4
Let o = -7 - -10. Suppose o*x - x - 4 = 0. Let p(k) = -k**2 - 2. Calculate p(x).
-6
Let b be (-18)/(-22) + 4/22. Let q be 1 + -1 - b - 4. Let z(v) = -3 - 1 - v + 3 - 5. Calculate z(q).
-1
Suppose 4*w = 5*q - 18, 5*q - 1 = -w + 7. Let j(b) = b**3 - 2*b**2 + b + 7*b**2 + b**2 - 3*b**2. Give j(w).
2
Suppose 7*f = -15 + 43. Let a(h) = 2*h + 3*h - h**2 - 2 - 2*h. Determine a(f).
-6
Let q(k) = -k + 6. Let g(t) = -t - 1. Let i be (-2)/(-4)*4/(-2). Let n(j) = i*q(j) - 5*g(j). Give n(1).
5
Suppose -k - 12 = -10. Let c(q) = -3*q**2 - 2*q - 3. What is c(k)?
-11
Let s = 3 - 1. Let m(k) = -2*k**2 + 2*k**3 - 3*k**2 - 4 + 6 + 2*k**2. Calculate m(s).
6
Suppose -12*u = -4*u + 32. Let b(r) = r**2 + 7*r + 5. Determine b(u).
-7
Let x(b) = b**2 + 8*b + 9. Let s be x(-7). Let o(n) = 3 + 5 - 9 - s*n. Give o(1).
-3
Let u(v) = -5*v - 8. Let n(q) = 6*q + 2*q - 4*q - 5*q - 1. Let d(o) = 2*n(o) - u(o). Give d(-5).
-9
Let p(a) = -5*a - 9. Let n(g) = 14*g + 26. Let d(t) = -4*n(t) - 11*p(t). Calculate d(5).
-10
Let c(o) = o**2 + 1. Let u = -5 + 5. Let d = 2 - u. What is c(d)?
5
Let p(q) be the first derivative of q**4/4 + q**3 - 3*q**2/2 + q - 2. Suppose 5*i + 2*f = -17, 2*f + f + 3 = 0. Determine p(i).
10
Let c be (-6)/4*8/3. Let u be 6/(-4)*c/6. Let n(i) = 5. Let b(y) = -y - 6. Let g(w) = -4*b(w) - 5*n(w). Give g(u).
3
Let m(f) = 3*f**2 - 244*f + 240*f - 4*f**2 - 1. Calculate m(-4).
-1
Suppose -3*a - 12 = -0*a. Let h(i) = -2*i - 6. Let g be h(a). Let l(q) = 6 - 18*q**2 + q**3 + 20*q**2 - q - g. Determine l(-3).
-2
Let n(k) = k + 9. Let l be (10/3)/((-4)/(-12)). Let p be 2/l + (-2)/10. Calculate n(p).
9
Let q(i) = -3*i**3 + 17*i**2 + 13*i. Let a be (16/(-28))/((-2)/7). Let v(t) = -t**3 + 8*t**2 + 6*t. Let p(o) = a*q(o) - 5*v(o). Determine p(-5).
-5
Let d(k) = -3*k**3 - 2*k**2 + 1. Suppose 4*m + 5*v + 1 - 10 = 0, 0 = 3*m - 4*v - 30. Let w(b) = -b**3 + 6*b**2 - b + 7. Let c be w(m). What is d(c)?
-4
Let k(o) be the second derivative of -3/2*o**2 + 0 + 1/8*o**4 + 2*o - 2/3*o**3. Let b(n) be the first derivative of k(n). What is b(4)?
8
Let z(q) = q. Let p be z(7). Let n = p + -6. Let y(b) = 8*b. Give y(n).
8
Let x(i) = -3*i**2 - i**3 - 2*i**2 + 1 - 57*i + 56*i. Give x(-2).
-9
Let d = -3 + 5. Let n(i) be the first derivative of 3*i**2/2 + 9. Determine n(d).
6
Suppose 0 = -3*z + 6*z + 24. Let a = z - -5. Let x(m) be the third derivative of m**5/60 + m**4/8 + m**3/2 + 145*m**2. Determine x(a).
3
Let n(p) = -20*p**2 + 23*p + 20. Let d(h) = 7*h**2 - 8*h - 7. Let i(f) = -17*d(f) - 6*n(f). What is i(4)?
7
Let i be (3 - 6) + 0 - -6. Suppose i = 5*u - 7. Let q(s) = s**3 + 4*s**2 + s + 0*s**u - s - s. What is q(-2)?
10
Suppose -4*j + 0*j + 8 = 0. Let k(x) = 8*x - 12 + x**j + 12 + 4. Suppose 19 = -m - 4*p, -m = m - 2*p - 2. Calculate k(m).
-11
Let a be (-2)/(-5)*(-20)/4. Let y(u) = 3*u + 2. What is y(a)?
-4
Let s(u) = 2*u + 3. Suppose 4*x - 22 = 3*x. Let d be 3 - -5 - (1 + 1). Suppose -4*o = 2*g + 14, 0 = g + d*o - o + x. Determine s(g).
9
Let b(z) = -2*z**3 - 4*z**2 - 3*z. Suppose 8*w - 3*w + 10 = 0. What is b(w)?
6
Let a(j) = -j**2 - j + 4. Suppose 5*d = 10 + 5. Determine a(d).
-8
Let q(u) = u**3 + 30*u**2 - 30*u + 20. Let i be q(-31). Let x(c) = c + 4. Give x(i).
-7
Suppose 0 = -2*p - p - 12. Let g = -5 + 7. Let i(m) = 0*m**2 + 4 - 3*m**2 - m + 2*m**g. Give i(p).
-8
Let x(c) = -c**3 + 6*c**2 - 3*c - 3. Let u(l) = -l**2 + 9*l + 2. Let b be u(9). Suppose -3*v + 11 = -2*a, -b*v - a = v - 17. What is x(v)?
7
Let n(u) be the third derivative of u**4/24 + u**3/6 - u**2. Let c(r) = 1. Let h(q) = q**2 - q + 5. Let t(s) = 4*c(s) - h(s). Let k be t(2). What is n(k)?
-2
Let w(g) be the first derivative of -g**4/4 - g**2 + g + 11. Calculate w(-2).
13
Suppose -11*y + 8*y + 12 = 0. Let t(d) = d**2 - 4*d - 3. What is t(y)?
-3
Let y(g) be the second derivative of 0 + 1/2*g**2 - 1/12*g**4 + 0*g**3 - g. Determine y(0).
1
Let w(m) = m**3 - 6*m**2 + 5*m + 6. Suppose y = -2*y + 15. Calculate w(y).
6
Let w(k) = 7*k. Let n = 7 + -5. Calculate w(n).
14
Let i(c) = c**3 + 5 + 5*c - 4 + 6*c**2 + 1 - 4. Suppose -4*b = 18 - 2. What is i(b)?
10
Suppose -w = 2*r + 5, -2*r - 2*r - 3*w - 15 = 0. Let v(h) = -h + 7. Determine v(r).
7
Suppose 3*f = -0*f + 9. Suppose 4*j - f*p = 0, -2*p + 0*p = 3*j. Let l be (1 - 0) + (0 - j). Let n(u) = -6*u**3 - u**2. Determine n(l).
-7
Let s = 33 + -39. Let k(q) be the first derivative of -q**3/3 - 7*q**2/2 - 6*q + 2. Calculate k(s).
0
Let n(w) = -w**2 + 5*w - 4. Let u be n(3). Suppose 0 = 5*m, 4*d + 2*m + 2*m = 8. Let c(y) = y**2 + y - d - u*y + 3*y. What is c(-3)?
1
Let o(j) = -2*j**2 + 1 - 2*j**2 - 5*j + 3*j**2 + 0*j**2. Determine o(-4).
5
Let p(a) = a**2 - 4*a - 7. Let c be p(6). Let f(h) = -3*h**2 - 5*h + 5. Let t(q) = 2*q**2 + 5*q - 4. Let i(l) = 3*f(l) + 4*t(l). Calculate i(c).
-1
Let o(b) = -15*b + 3. Let u(m) = 0*m - 6*m + m + 1. Let w(n) = 6*o(n) - 17*u(n). Let a be 42/(-24) + (-9)/(-12). Determine w(a).
6
Suppose -5*m + j = 0, -4*m = m - 2*j - 5. Let g(n) = -2 + 5 - 3*n - 4. Determine g(m).
2
Let l(a) = -5*a**3 + a**2 - 2*a + 1. Let f be l(1). Let q(n) be the first derivative of n**4/4 + 2*n**3 + 5*n**2/2 - 4*n + 32. Determine q(f).
-4
Let g(m) = m**2 + 2*m - 3. Let k(u) = -4*u**3 - 2*u**2 - u. Let j be k(-1). Suppose 0 = 4*y + y - 10, 7 = j*f - y. Let v = f - 1. What is g(v)?
5
Let q = 2 + 1. Let x(c) = c - 3*c - q*c. Give x(-2).
10
Let n(o) = o - 2. Let k be (-5)/(-3) - (-14)/(-21). Let b be -5 + 1/(k/2). Calculate n(b).
-5
Let v(j) = -1. Let q(t) = -3*t + 4. Let s(h) = q(h) + 3*v(h). Let i be (-1*(0 - -1))/1. Give s(i).
4
Let a be -3*1*8/6. Let r = 0 + a. Let q(c) = -2 + 12*c + 5*c**2 + 2*c**3 - 8*c - c**3. What is q(r)?
-2
Let z(j) = 2*j**2 - 7*j - 3. Let q(b) = -3*b**2 + 10*b + 4. Let u(c) = 5*q(c) + 7*z(c). Let d be -1*(-2 - -3 - 4). Determine u(d).
-7
Let x = 7 + -5. Let l(g) = 11*g**2 - g**3 + 2*g**3 + 5 - 10*g**x + g. What is l(0)?
5
Let n(p) be the second derivative of p**6/40 + p**5/30 + p**4/24 - p**2/2 - 3*p. Let r(i) be the first derivative of n(i). Suppose -k = 10 - 9. Determine r(k).
-2
Let u(c) be the second derivative of c**7/840 - c**4/24 + 2*c**3/3 - 3*c. Let j(l) be the second derivative of u(l). Give j(-1).
-2
Let k(w) = w**3 - 3*w**2 - 3*w + 1. Suppose 5*y + 9 + 51 = 0. Let v = -20 - y. Let z(x) = -x**2 - 9*x - 4. Let h be z(v). Give k(h).
5
Suppose -13 = -5*h + 2. Let u(i) = 0 - 2 + 5 + i**h. What is u(0)?
3
Let n(q) = -6*q**3 - q**2 - q. Suppose 5*z - 6 - 19 = 0. Suppose -7 = z*y - 2. Calculate n(y).
6
Let l(c) be the first derivative of c**4/4 + c**3/3 - c**2 - 11. Give l(2).
8
Suppose -2*u = -2*w + 4, -3*w + u + 6 = 3*u. Suppose -w*t = -t - 6. Suppose -4*g - t*r = -2*r - 16, 0 = r - 4. Let h(s) = -s**2 + 6. What is h(g)?
6
Suppose 0*f = -f + 2. Let w(x) = -3 + 3 + x + 1 - 2*x**f. Let l = 6 + -4. What is w(l)?
-5
Let n(p) be the first derivative of -p**4/4 - 4*p**3/3 - p**2/2 + 4*p - 23. Give n(-3).
-2
Let b(m) be the first derivative of 3*m**2/2 - 6*m - 8. What is b(5)?
9
Let t(x) = x**2 + 5*x + 2. Suppose n - 9 = 3. Suppose u - n = -2*l, -2*l - 9 - 11 = -u. Suppose k = -a - 3, -3*k + k + 3*a = u. Give t(k).
2
Let a(u) = -28*u + 1 + 54*u - 31*u. Calculate a(2).
-9
Let v(k) = -k**2 + 3*k - 1. Suppose -2*f + 5 = 3*g, 4*g - 5*f = 2 + 20. Let a be g*(-2)/(-3) + 2. What is v(a)?
-5
Suppose -y - 6 = -v, -y + 5 = 2*v + 4*y. 